{"id":991,"date":"2024-01-25T09:50:45","date_gmt":"2024-01-25T08:50:45","guid":{"rendered":"https:\/\/mnzp.pl\/ksiegarnia\/?post_type=product&#038;p=991"},"modified":"2024-01-25T09:50:45","modified_gmt":"2024-01-25T08:50:45","slug":"katynczycy-z-garnizonu-radymno","status":"publish","type":"product","link":"https:\/\/mnzp.pl\/ksiegarnia\/index.php\/produkt\/katynczycy-z-garnizonu-radymno\/","title":{"rendered":"Katy\u0144czycy z Garnizonu Radymno"},"content":{"rendered":"<p><strong>Corocznie w kwietniu obchodzimy bardzo smutn\u0105 rocznic\u0119. Wiosn\u0105 1940 r. funkcjonariusze NKWD zamordowali oko\u0142o 22 tys. polskich oficer\u00f3w, urz\u0119dnik\u00f3w i przedstawicieli inteligencji. W obiegu powszechnym t\u0119 zag\u0142ad\u0119 nazwano zbrodni\u0105 katy\u0144sk\u0105.<\/strong><\/p>\n<p>Przes\u0142ank\u0105 wyboru tematu niniejszego wydawnictwa by\u0142a istniej\u0105ca luka badawcza oraz niski poziom wiedzy spo\u0142eczno\u015bci Radymna i okolicznych wsi o mieszka\u0144cach, \u017co\u0142nierzach i policjantach \u2013 ofiarach tej zbrodni. Przyj\u0119to, \u017ce granicami obszaru zainteresowania b\u0119d\u0105 granice Garnizonu Radymno, poszerzonego o s\u0105siaduj\u0105ce z nim wsie Laszki i \u0141owce.<\/p>\n<p>Publikacja obejmuje wst\u0119p, pi\u0119\u0107 rozdzia\u0142\u00f3w, w kt\u00f3rych przedstawiono badan\u0105 problematyk\u0119, zbi\u00f3r biogram\u00f3w oraz bibliografi\u0119 selektywn\u0105 i za\u0142\u0105czniki. Zosta\u0142a ona dodatkowo zilustrowana fotografiami, schematami oraz tabelami.<\/p>\n","protected":false},"excerpt":{"rendered":"<h2>Zbigniew Moszuma\u0144ski<\/h2>\n<p>Publikacja obejmuje wst\u0119p, pi\u0119\u0107 rozdzia\u0142\u00f3w, w kt\u00f3rych przedstawiono badan\u0105 problematyk\u0119, zbi\u00f3r biogram\u00f3w oraz bibliografi\u0119 selektywn\u0105 i za\u0142\u0105czniki. Zosta\u0142a ona dodatkowo zilustrowana fotografiami, schematami oraz tabelami.<\/p>\n","protected":false},"featured_media":992,"comment_status":"open","ping_status":"closed","template":"","meta":[],"product_brand":[],"product_cat":[16],"product_tag":[64,148,196,197,147],"class_list":{"0":"post-991","1":"product","2":"type-product","3":"status-publish","4":"has-post-thumbnail","6":"product_cat-ksiazki","7":"product_tag-historia","8":"product_tag-ii-wojna-swiatowa","9":"product_tag-katyn","10":"product_tag-moszumanski","11":"product_tag-radymno","13":"first","14":"instock","15":"shipping-taxable","16":"purchasable","17":"product-type-simple"},"_links":{"self":[{"href":"https:\/\/mnzp.pl\/ksiegarnia\/index.php\/wp-json\/wp\/v2\/product\/991","targetHints":{"allow":["GET"]}}],"collection":[{"href":"https:\/\/mnzp.pl\/ksiegarnia\/index.php\/wp-json\/wp\/v2\/product"}],"about":[{"href":"https:\/\/mnzp.pl\/ksiegarnia\/index.php\/wp-json\/wp\/v2\/types\/product"}],"replies":[{"embeddable":true,"href":"https:\/\/mnzp.pl\/ksiegarnia\/index.php\/wp-json\/wp\/v2\/comments?post=991"}],"wp:featuredmedia":[{"embeddable":true,"href":"https:\/\/mnzp.pl\/ksiegarnia\/index.php\/wp-json\/wp\/v2\/media\/992"}],"wp:attachment":[{"href":"https:\/\/mnzp.pl\/ksiegarnia\/index.php\/wp-json\/wp\/v2\/media?parent=991"}],"wp:term":[{"taxonomy":"product_brand","embeddable":true,"href":"https:\/\/mnzp.pl\/ksiegarnia\/index.php\/wp-json\/wp\/v2\/product_brand?post=991"},{"taxonomy":"product_cat","embeddable":true,"href":"https:\/\/mnzp.pl\/ksiegarnia\/index.php\/wp-json\/wp\/v2\/product_cat?post=991"},{"taxonomy":"product_tag","embeddable":true,"href":"https:\/\/mnzp.pl\/ksiegarnia\/index.php\/wp-json\/wp\/v2\/product_tag?post=991"}],"curies":[{"name":"wp","href":"https:\/\/api.w.org\/{rel}","templated":true}]}}

Katyńczycy z Garnizonu Radymno

<p><strong>Corocznie w kwietniu obchodzimy bardzo smutną rocznicę. Wiosną 1940 r. funkcjonariusze NKWD zamordowali około 22 tys. polskich oficerów, urzędników i przedstawicieli inteligencji. W obiegu powszechnym tę zagładę nazwano zbrodnią katyńską.</strong></p>
<p>Przesłanką wyboru tematu niniejszego wydawnictwa była istniejąca luka badawcza oraz niski poziom wiedzy społeczności Radymna i okolicznych wsi o mieszkańcach, żołnierzach i policjantach – ofiarach tej zbrodni. Przyjęto, że granicami obszaru zainteresowania będą granice Garnizonu Radymno, poszerzonego o sąsiadujące z nim wsie Laszki i Łowce.</p>
<p>Publikacja obejmuje wstęp, pięć rozdziałów, w których przedstawiono badaną problematykę, zbiór biogramów oraz bibliografię selektywną i załączniki. Została ona dodatkowo zilustrowana fotografiami, schematami oraz tabelami.</p>

<h2>Zbigniew Moszumański</h2>
<p>Publikacja obejmuje wstęp, pięć rozdziałów, w których przedstawiono badaną problematykę, zbiór biogramów oraz bibliografię selektywną i załączniki. Została ona dodatkowo zilustrowana fotografiami, schematami oraz tabelami.</p>
