{"id":80,"date":"2021-10-27T13:41:26","date_gmt":"2021-10-27T11:41:26","guid":{"rendered":"https:\/\/serwer1670446.home.pl\/mnzp\/ksiegarnia\/?post_type=product&#038;p=80"},"modified":"2025-01-30T09:59:42","modified_gmt":"2025-01-30T08:59:42","slug":"fajki-z-kolekcji-michala-morawskiego","status":"publish","type":"product","link":"https:\/\/mnzp.pl\/ksiegarnia\/index.php\/produkt\/fajki-z-kolekcji-michala-morawskiego\/","title":{"rendered":"Fajki z kolekcji Micha\u0142a Morawskiego"},"content":{"rendered":"<p>Publikacja z cyklu \u201eNajpi\u0119kniejsze kolekcje fajek\u201d, towarzysz\u0105ca wystawie zbior\u00f3w kolekcjonera Micha\u0142a Morawskiego w Muzeum Dzwon\u00f3w i Fajek (oddzia\u0142 Muzeum Narodowego Ziemi Przemyskiej) w 2009 r. Wydawnictwo zawiera bogato ilustrowany katalog zbior\u00f3w oraz obszerne ich om\u00f3wienie (w tym komentarz do fajek chi\u0144skich i perskich fajek wodnych \u2013 \u201enargili\u201d). Ciekawostk\u0105 opracowania jest apel inicjuj\u0105cy akcj\u0119 na rzecz ratowania najstarszej wytw\u00f3rni fajek w Polsce, w Zborowskiem na \u015al\u0105sku. Zawiera on opis dziej\u00f3w tej XVIII-wiecznej fabryki oraz nagrodzony w I og\u00f3lnopolskim konkursie literackim \u201eBajarze z le\u015bnej polany\u201d utw\u00f3r autorstwa Ma\u0142gorzaty Matejczyk pt. \u201eHistoria fajki bajarza le\u015bnego\u2026\u201d.<\/p>\n","protected":false},"excerpt":{"rendered":"<h2>Matejczyk Ma\u0142gorzata, Morawski Micha\u0142, Olbromska Urszula, Sarkady Nalan, Zimmerman Edward<\/h2>\n<p>Publikacja z cyklu \u201eNajpi\u0119kniejsze kolekcje fajek\u201d, towarzysz\u0105ca wystawie zbior\u00f3w kolekcjonera Micha\u0142a Morawskiego w Muzeum Dzwon\u00f3w i Fajek (oddzia\u0142 Muzeum Narodowego Ziemi Przemyskiej) w 2009 r. &#8230;<\/p>\n","protected":false},"featured_media":81,"comment_status":"open","ping_status":"closed","template":"","meta":[],"product_brand":[],"product_cat":[16],"product_tag":[105,107,109,62],"class_list":{"0":"post-80","1":"product","2":"type-product","3":"status-publish","4":"has-post-thumbnail","6":"product_cat-ksiazki","7":"product_tag-fajkarstwo","8":"product_tag-kolekcje","9":"product_tag-muzeum-dzwonow-i-fajek","10":"product_tag-rzemioslo","12":"first","13":"outofstock","14":"shipping-taxable","15":"purchasable","16":"product-type-simple"},"_links":{"self":[{"href":"https:\/\/mnzp.pl\/ksiegarnia\/index.php\/wp-json\/wp\/v2\/product\/80","targetHints":{"allow":["GET"]}}],"collection":[{"href":"https:\/\/mnzp.pl\/ksiegarnia\/index.php\/wp-json\/wp\/v2\/product"}],"about":[{"href":"https:\/\/mnzp.pl\/ksiegarnia\/index.php\/wp-json\/wp\/v2\/types\/product"}],"replies":[{"embeddable":true,"href":"https:\/\/mnzp.pl\/ksiegarnia\/index.php\/wp-json\/wp\/v2\/comments?post=80"}],"wp:featuredmedia":[{"embeddable":true,"href":"https:\/\/mnzp.pl\/ksiegarnia\/index.php\/wp-json\/wp\/v2\/media\/81"}],"wp:attachment":[{"href":"https:\/\/mnzp.pl\/ksiegarnia\/index.php\/wp-json\/wp\/v2\/media?parent=80"}],"wp:term":[{"taxonomy":"product_brand","embeddable":true,"href":"https:\/\/mnzp.pl\/ksiegarnia\/index.php\/wp-json\/wp\/v2\/product_brand?post=80"},{"taxonomy":"product_cat","embeddable":true,"href":"https:\/\/mnzp.pl\/ksiegarnia\/index.php\/wp-json\/wp\/v2\/product_cat?post=80"},{"taxonomy":"product_tag","embeddable":true,"href":"https:\/\/mnzp.pl\/ksiegarnia\/index.php\/wp-json\/wp\/v2\/product_tag?post=80"}],"curies":[{"name":"wp","href":"https:\/\/api.w.org\/{rel}","templated":true}]}}

Fajki z kolekcji Michała Morawskiego

<p>Publikacja z cyklu „Najpiękniejsze kolekcje fajek”, towarzysząca wystawie zbiorów kolekcjonera Michała Morawskiego w Muzeum Dzwonów i Fajek (oddział Muzeum Narodowego Ziemi Przemyskiej) w 2009 r. Wydawnictwo zawiera bogato ilustrowany katalog zbiorów oraz obszerne ich omówienie (w tym komentarz do fajek chińskich i perskich fajek wodnych – „nargili”). Ciekawostką opracowania jest apel inicjujący akcję na rzecz ratowania najstarszej wytwórni fajek w Polsce, w Zborowskiem na Śląsku. Zawiera on opis dziejów tej XVIII-wiecznej fabryki oraz nagrodzony w I ogólnopolskim konkursie literackim „Bajarze z leśnej polany” utwór autorstwa Małgorzaty Matejczyk pt. „Historia fajki bajarza leśnego…”.</p>

<h2>Matejczyk Małgorzata, Morawski Michał, Olbromska Urszula, Sarkady Nalan, Zimmerman Edward</h2>
<p>Publikacja z cyklu „Najpiękniejsze kolekcje fajek”, towarzysząca wystawie zbiorów kolekcjonera Michała Morawskiego w Muzeum Dzwonów i Fajek (oddział Muzeum Narodowego Ziemi Przemyskiej) w 2009 r. &#8230;</p>
