{"id":78,"date":"2021-10-27T13:37:34","date_gmt":"2021-10-27T11:37:34","guid":{"rendered":"https:\/\/serwer1670446.home.pl\/mnzp\/ksiegarnia\/?post_type=product&#038;p=78"},"modified":"2022-12-07T12:43:59","modified_gmt":"2022-12-07T11:43:59","slug":"pamieci-kolekcjonerow-zenona-hecki-i-krzysztofa-solinskiego","status":"publish","type":"product","link":"https:\/\/mnzp.pl\/ksiegarnia\/index.php\/produkt\/pamieci-kolekcjonerow-zenona-hecki-i-krzysztofa-solinskiego\/","title":{"rendered":"Pami\u0119ci kolekcjoner\u00f3w Zenona H\u0119\u0107ki i Krzysztofa Soli\u0144skiego"},"content":{"rendered":"<p>Publikacja upami\u0119tniaj\u0105ca dw\u00f3ch wielkich zbieraczy fajek, a zarazem znakomitych dzia\u0142aczy Klub\u00f3w Fajek i\u00a0animator\u00f3w \u201e\u017cycia fajkarskiego\u201d. Autorzy zaprezentowali poka\u017ane zbiory obu kolekcjoner\u00f3w, opatruj\u0105c je\u00a0artyku\u0142ami o fajkach z Afryki i fajkach my\u015bliwskich (ze\u00a0zbior\u00f3w Zenona H\u0119\u0107ki) oraz wsp\u00f3\u0142czesnych fajkach niewrzo\u015bcowych (ze zbior\u00f3w Krzysztofa Soli\u0144skiego). Wydawnictwo uzupe\u0142niaj\u0105 wspomnienia przyjaci\u00f3\u0142 i bliskich przedwcze\u015bnie zmar\u0142ych kolekcjoner\u00f3w.<\/p>\n","protected":false},"excerpt":{"rendered":"<h2>Adamowicz Bogdan, Bednarczyk Zbigniew, Filipek Zbigniew, Frala Grzegorz, H\u0119\u0107ka Krystyna, Jurgielewicz-Kalumet Miros\u0142aw, Stanielewicz Marek, Worobiec Henryk<\/h2>\n<p>Publikacja upami\u0119tniaj\u0105ca dw\u00f3ch wielkich zbieraczy fajek, a zarazem znakomitych dzia\u0142aczy Klub\u00f3w Fajek i animator\u00f3w \u201e\u017cycia fajkarskiego\u201d&#8230;<\/p>\n","protected":false},"featured_media":79,"comment_status":"open","ping_status":"closed","template":"","meta":[],"product_brand":[],"product_cat":[16],"product_tag":[105,107,109,62],"class_list":{"0":"post-78","1":"product","2":"type-product","3":"status-publish","4":"has-post-thumbnail","6":"product_cat-ksiazki","7":"product_tag-fajkarstwo","8":"product_tag-kolekcje","9":"product_tag-muzeum-dzwonow-i-fajek","10":"product_tag-rzemioslo","12":"first","13":"instock","14":"shipping-taxable","15":"purchasable","16":"product-type-simple"},"_links":{"self":[{"href":"https:\/\/mnzp.pl\/ksiegarnia\/index.php\/wp-json\/wp\/v2\/product\/78","targetHints":{"allow":["GET"]}}],"collection":[{"href":"https:\/\/mnzp.pl\/ksiegarnia\/index.php\/wp-json\/wp\/v2\/product"}],"about":[{"href":"https:\/\/mnzp.pl\/ksiegarnia\/index.php\/wp-json\/wp\/v2\/types\/product"}],"replies":[{"embeddable":true,"href":"https:\/\/mnzp.pl\/ksiegarnia\/index.php\/wp-json\/wp\/v2\/comments?post=78"}],"wp:featuredmedia":[{"embeddable":true,"href":"https:\/\/mnzp.pl\/ksiegarnia\/index.php\/wp-json\/wp\/v2\/media\/79"}],"wp:attachment":[{"href":"https:\/\/mnzp.pl\/ksiegarnia\/index.php\/wp-json\/wp\/v2\/media?parent=78"}],"wp:term":[{"taxonomy":"product_brand","embeddable":true,"href":"https:\/\/mnzp.pl\/ksiegarnia\/index.php\/wp-json\/wp\/v2\/product_brand?post=78"},{"taxonomy":"product_cat","embeddable":true,"href":"https:\/\/mnzp.pl\/ksiegarnia\/index.php\/wp-json\/wp\/v2\/product_cat?post=78"},{"taxonomy":"product_tag","embeddable":true,"href":"https:\/\/mnzp.pl\/ksiegarnia\/index.php\/wp-json\/wp\/v2\/product_tag?post=78"}],"curies":[{"name":"wp","href":"https:\/\/api.w.org\/{rel}","templated":true}]}}

Pamięci kolekcjonerów Zenona Hęćki i Krzysztofa Solińskiego

<p>Publikacja upamiętniająca dwóch wielkich zbieraczy fajek, a zarazem znakomitych działaczy Klubów Fajek i animatorów „życia fajkarskiego”. Autorzy zaprezentowali pokaźne zbiory obu kolekcjonerów, opatrując je artykułami o fajkach z Afryki i fajkach myśliwskich (ze zbiorów Zenona Hęćki) oraz współczesnych fajkach niewrzoścowych (ze zbiorów Krzysztofa Solińskiego). Wydawnictwo uzupełniają wspomnienia przyjaciół i bliskich przedwcześnie zmarłych kolekcjonerów.</p>

<h2>Adamowicz Bogdan, Bednarczyk Zbigniew, Filipek Zbigniew, Frala Grzegorz, Hęćka Krystyna, Jurgielewicz-Kalumet Mirosław, Stanielewicz Marek, Worobiec Henryk</h2>
<p>Publikacja upamiętniająca dwóch wielkich zbieraczy fajek, a zarazem znakomitych działaczy Klubów Fajek i animatorów „życia fajkarskiego”&#8230;</p>
