{"id":603,"date":"2022-11-10T14:28:05","date_gmt":"2022-11-10T13:28:05","guid":{"rendered":"https:\/\/mnzp.pl\/ksiegarnia\/?post_type=product&#038;p=603"},"modified":"2022-12-09T15:41:17","modified_gmt":"2022-12-09T14:41:17","slug":"xxviii-ogolnopolski-przeglad-plakatu-muzealnego-i-ochrony-zabytkow","status":"publish","type":"product","link":"https:\/\/mnzp.pl\/ksiegarnia\/index.php\/produkt\/xxviii-ogolnopolski-przeglad-plakatu-muzealnego-i-ochrony-zabytkow\/","title":{"rendered":"XXVIII Og\u00f3lnopolski Przegl\u0105d Plakatu Muzealnego i Ochrony Zabytk\u00f3w"},"content":{"rendered":"<p>Katalog prezentuje prace konkursowe nades\u0142ane na 28. edycj\u0119 Og\u00f3lnopolskiego Przegl\u0105du Plakatu Muzealnego i Ochrony Zabytk\u00f3w. Na jego kartach przedstawiono \u0142\u0105cznie 55 plakat\u00f3w wykonanych przez 19 autor\u00f3w ukazuj\u0105cych najnowsze trendy tego nieco ukrytego ale jak\u017ce wa\u017cnego dzia\u0142u sztuki u\u017cytkowej.<\/p>\n<p>Reprodukowane w albumie plakaty mo\u017cna by\u0142o ogl\u0105da\u0107 na wystawie pokonkursowej eksponowanej w budynku g\u0142\u00f3wnym Muzeum Narodowego Ziemi Przemyskiej w dniach od 8 lutego do 4 marca 2022 roku.<\/p>\n","protected":false},"excerpt":{"rendered":"<h2>Iwona Bobko<\/h2>\n","protected":false},"featured_media":604,"comment_status":"open","ping_status":"closed","template":"","meta":[],"product_brand":[],"product_cat":[16],"product_tag":[96,132,97,108],"class_list":{"0":"post-603","1":"product","2":"type-product","3":"status-publish","4":"has-post-thumbnail","6":"product_cat-ksiazki","7":"product_tag-katalogi","8":"product_tag-konkurs-plakatu-muzealnego","9":"product_tag-plakat","10":"product_tag-wystawa-czasowa","12":"first","13":"instock","14":"shipping-taxable","15":"purchasable","16":"product-type-simple"},"_links":{"self":[{"href":"https:\/\/mnzp.pl\/ksiegarnia\/index.php\/wp-json\/wp\/v2\/product\/603","targetHints":{"allow":["GET"]}}],"collection":[{"href":"https:\/\/mnzp.pl\/ksiegarnia\/index.php\/wp-json\/wp\/v2\/product"}],"about":[{"href":"https:\/\/mnzp.pl\/ksiegarnia\/index.php\/wp-json\/wp\/v2\/types\/product"}],"replies":[{"embeddable":true,"href":"https:\/\/mnzp.pl\/ksiegarnia\/index.php\/wp-json\/wp\/v2\/comments?post=603"}],"wp:featuredmedia":[{"embeddable":true,"href":"https:\/\/mnzp.pl\/ksiegarnia\/index.php\/wp-json\/wp\/v2\/media\/604"}],"wp:attachment":[{"href":"https:\/\/mnzp.pl\/ksiegarnia\/index.php\/wp-json\/wp\/v2\/media?parent=603"}],"wp:term":[{"taxonomy":"product_brand","embeddable":true,"href":"https:\/\/mnzp.pl\/ksiegarnia\/index.php\/wp-json\/wp\/v2\/product_brand?post=603"},{"taxonomy":"product_cat","embeddable":true,"href":"https:\/\/mnzp.pl\/ksiegarnia\/index.php\/wp-json\/wp\/v2\/product_cat?post=603"},{"taxonomy":"product_tag","embeddable":true,"href":"https:\/\/mnzp.pl\/ksiegarnia\/index.php\/wp-json\/wp\/v2\/product_tag?post=603"}],"curies":[{"name":"wp","href":"https:\/\/api.w.org\/{rel}","templated":true}]}}