{"id":528,"date":"2022-07-22T08:36:40","date_gmt":"2022-07-22T06:36:40","guid":{"rendered":"https:\/\/mnzp.pl\/ksiegarnia\/?post_type=product&#038;p=528"},"modified":"2022-12-09T15:02:54","modified_gmt":"2022-12-09T14:02:54","slug":"przemysl-miasto-zabytkow-1880-1918-wehikul-czasu","status":"publish","type":"product","link":"https:\/\/mnzp.pl\/ksiegarnia\/index.php\/produkt\/przemysl-miasto-zabytkow-1880-1918-wehikul-czasu\/","title":{"rendered":"Przemy\u015bl Miasto Zabytk\u00f3w 1880 \u2013 1918. Wehiku\u0142 Czasu."},"content":{"rendered":"<p>Album Przemy\u015bl miasto zabytk\u00f3w 1880-1918 \u2013 Wehiku\u0142 Czasu zabiera nas w podr\u00f3\u017c w czasy autonomii galicyjskiej, w kt\u00f3rych Przemy\u015bl sta\u0142 si\u0119 istotnym o\u015brodkiem administracyjnym i kulturowym. W publikacji odnajdziemy zdj\u0119cia i poczt\u00f3wki ze zbior\u00f3w prywatnych oraz Muzeum Narodowego Ziemi Przemyskiej. Album zosta\u0142 podzielony na 10 rozdzia\u0142\u00f3w:<\/p>\n<ul>\n<li>Panoramy<\/li>\n<li>Przemyskie mosty<\/li>\n<li>Zasanie<\/li>\n<li>Dworzec kolejowy<\/li>\n<li>Garbarze<\/li>\n<li>Na lwowskim Przedmie\u015bciu<\/li>\n<li>\u015ar\u00f3dmie\u015bcie<\/li>\n<li>Rynek<\/li>\n<li>Zamek i Park miejski<\/li>\n<li>Dwie religie, trzy wyznania<\/li>\n<\/ul>\n","protected":false},"excerpt":{"rendered":"<h2>red. Lucjan Fac, Karol Kicman<\/h2>\n<p>Album Przemy\u015bl miasto zabytk\u00f3w 1880-1918 \u2013 Wehiku\u0142 Czasu zabiera nas w podr\u00f3\u017c w czasy autonomii galicyjskiej, w kt\u00f3rych Przemy\u015bl sta\u0142 si\u0119 istotnym o\u015brodkiem administracyjnym i kulturowym&#8230;<\/p>\n","protected":false},"featured_media":530,"comment_status":"open","ping_status":"closed","template":"","meta":[],"product_brand":[],"product_cat":[16],"product_tag":[125,66,64,58,169,59],"class_list":{"0":"post-528","1":"product","2":"type-product","3":"status-publish","4":"has-post-thumbnail","6":"product_cat-ksiazki","7":"product_tag-album","8":"product_tag-fotografia","9":"product_tag-historia","10":"product_tag-przemysl","11":"product_tag-wehikul-czasu","12":"product_tag-zabytki","14":"first","15":"outofstock","16":"shipping-taxable","17":"purchasable","18":"product-type-simple"},"_links":{"self":[{"href":"https:\/\/mnzp.pl\/ksiegarnia\/index.php\/wp-json\/wp\/v2\/product\/528","targetHints":{"allow":["GET"]}}],"collection":[{"href":"https:\/\/mnzp.pl\/ksiegarnia\/index.php\/wp-json\/wp\/v2\/product"}],"about":[{"href":"https:\/\/mnzp.pl\/ksiegarnia\/index.php\/wp-json\/wp\/v2\/types\/product"}],"replies":[{"embeddable":true,"href":"https:\/\/mnzp.pl\/ksiegarnia\/index.php\/wp-json\/wp\/v2\/comments?post=528"}],"wp:featuredmedia":[{"embeddable":true,"href":"https:\/\/mnzp.pl\/ksiegarnia\/index.php\/wp-json\/wp\/v2\/media\/530"}],"wp:attachment":[{"href":"https:\/\/mnzp.pl\/ksiegarnia\/index.php\/wp-json\/wp\/v2\/media?parent=528"}],"wp:term":[{"taxonomy":"product_brand","embeddable":true,"href":"https:\/\/mnzp.pl\/ksiegarnia\/index.php\/wp-json\/wp\/v2\/product_brand?post=528"},{"taxonomy":"product_cat","embeddable":true,"href":"https:\/\/mnzp.pl\/ksiegarnia\/index.php\/wp-json\/wp\/v2\/product_cat?post=528"},{"taxonomy":"product_tag","embeddable":true,"href":"https:\/\/mnzp.pl\/ksiegarnia\/index.php\/wp-json\/wp\/v2\/product_tag?post=528"}],"curies":[{"name":"wp","href":"https:\/\/api.w.org\/{rel}","templated":true}]}}

Przemyśl Miasto Zabytków 1880 – 1918. Wehikuł Czasu.

<p>Album Przemyśl miasto zabytków 1880-1918 – Wehikuł Czasu zabiera nas w podróż w czasy autonomii galicyjskiej, w których Przemyśl stał się istotnym ośrodkiem administracyjnym i kulturowym. W publikacji odnajdziemy zdjęcia i pocztówki ze zbiorów prywatnych oraz Muzeum Narodowego Ziemi Przemyskiej. Album został podzielony na 10 rozdziałów:</p>
<ul>
<li>Panoramy</li>
<li>Przemyskie mosty</li>
<li>Zasanie</li>
<li>Dworzec kolejowy</li>
<li>Garbarze</li>
<li>Na lwowskim Przedmieściu</li>
<li>Śródmieście</li>
<li>Rynek</li>
<li>Zamek i Park miejski</li>
<li>Dwie religie, trzy wyznania</li>
</ul>

<h2>red. Lucjan Fac, Karol Kicman</h2>
<p>Album Przemyśl miasto zabytków 1880-1918 – Wehikuł Czasu zabiera nas w podróż w czasy autonomii galicyjskiej, w których Przemyśl stał się istotnym ośrodkiem administracyjnym i kulturowym&#8230;</p>
