{"id":51,"date":"2021-10-26T15:33:17","date_gmt":"2021-10-26T13:33:17","guid":{"rendered":"https:\/\/serwer1670446.home.pl\/mnzp\/ksiegarnia\/?post_type=product&#038;p=51"},"modified":"2024-02-13T15:13:42","modified_gmt":"2024-02-13T14:13:42","slug":"saga-rodu-bystrzyckich","status":"publish","type":"product","link":"https:\/\/mnzp.pl\/ksiegarnia\/index.php\/produkt\/saga-rodu-bystrzyckich\/","title":{"rendered":"Saga Rodu Bystrzyckich"},"content":{"rendered":"<p>14 kwietnia 2010 roku, w Muzeum Historii Miasta Przemy\u015bla (oddzia\u0142 Muzeum Narodowego Ziemi Przemyskiej) ods\u0142oni\u0119ta zosta\u0142a tablica upami\u0119tniaj\u0105ca przemysk\u0105 rodzin\u0119 Bystrzyckich &#8211; przedwojennych w\u0142a\u015bcicieli i\u00a0mieszka\u0144c\u00f3w kamienicy b\u0119d\u0105cej aktualnie siedzib\u0105 wspomnianego oddzia\u0142u muzealnego. Uroczysto\u015bci ods\u0142oni\u0119cia tablicy towarzyszy\u0142a wystawa honoruj\u0105ca famili\u0119 Bystrzyckich, wywiezionych w 1940 r. do Kazachstanu i b\u0119d\u0105cych symbolem wielu innych rodzin, kt\u00f3re sta\u0142y si\u0119 ofiarami masowych deportacji w tamtych czasach. Bystrzyccy na sta\u0142e wpisali si\u0119 w histori\u0119 jako zas\u0142u\u017ceni urz\u0119dnicy, literaci, dziennikarze i naukowcy. Wydawnictwo w syntetyczny spos\u00f3b ukazuje dzieje poszczeg\u00f3lnych cz\u0142onk\u00f3w tego niezwyk\u0142ego rodu, pokazuj\u0105c m.in. na\u00a0reprodukcjach unikalne zdj\u0119cia z rodzinnych album\u00f3w oraz dokumenty zwi\u0105zane z zes\u0142aniem.<\/p>\n","protected":false},"excerpt":{"rendered":"<h3>Sarkady Antoni, Sztaba Joanna<\/h3>\n<p>14 kwietnia 2010 roku, w Muzeum Historii Miasta Przemy\u015bla (oddzia\u0142 Muzeum Narodowego Ziemi Przemyskiej) ods\u0142oni\u0119ta zosta\u0142a tablica upami\u0119tniaj\u0105ca przemysk\u0105 rodzin\u0119 Bystrzyckich &#8211; przedwojennych w\u0142a\u015bcicieli i mieszka\u0144c\u00f3w kamienicy b\u0119d\u0105cej aktualnie siedzib\u0105 wspomnianego oddzia\u0142u muzealnego&#8230;<\/p>\n","protected":false},"featured_media":52,"comment_status":"closed","ping_status":"closed","template":"","meta":[],"product_brand":[],"product_cat":[16],"product_tag":[116,64,63,118,58,117,108,115],"class_list":{"0":"post-51","1":"product","2":"type-product","3":"status-publish","4":"has-post-thumbnail","6":"product_cat-ksiazki","7":"product_tag-bystrzyccy","8":"product_tag-historia","9":"product_tag-katalog","10":"product_tag-muzeum-historii-miasta-przemysla","11":"product_tag-przemysl","12":"product_tag-sybir","13":"product_tag-wystawa-czasowa","14":"product_tag-znani-przemyslanie","16":"first","17":"outofstock","18":"shipping-taxable","19":"purchasable","20":"product-type-simple"},"_links":{"self":[{"href":"https:\/\/mnzp.pl\/ksiegarnia\/index.php\/wp-json\/wp\/v2\/product\/51","targetHints":{"allow":["GET"]}}],"collection":[{"href":"https:\/\/mnzp.pl\/ksiegarnia\/index.php\/wp-json\/wp\/v2\/product"}],"about":[{"href":"https:\/\/mnzp.pl\/ksiegarnia\/index.php\/wp-json\/wp\/v2\/types\/product"}],"replies":[{"embeddable":true,"href":"https:\/\/mnzp.pl\/ksiegarnia\/index.php\/wp-json\/wp\/v2\/comments?post=51"}],"wp:featuredmedia":[{"embeddable":true,"href":"https:\/\/mnzp.pl\/ksiegarnia\/index.php\/wp-json\/wp\/v2\/media\/52"}],"wp:attachment":[{"href":"https:\/\/mnzp.pl\/ksiegarnia\/index.php\/wp-json\/wp\/v2\/media?parent=51"}],"wp:term":[{"taxonomy":"product_brand","embeddable":true,"href":"https:\/\/mnzp.pl\/ksiegarnia\/index.php\/wp-json\/wp\/v2\/product_brand?post=51"},{"taxonomy":"product_cat","embeddable":true,"href":"https:\/\/mnzp.pl\/ksiegarnia\/index.php\/wp-json\/wp\/v2\/product_cat?post=51"},{"taxonomy":"product_tag","embeddable":true,"href":"https:\/\/mnzp.pl\/ksiegarnia\/index.php\/wp-json\/wp\/v2\/product_tag?post=51"}],"curies":[{"name":"wp","href":"https:\/\/api.w.org\/{rel}","templated":true}]}}

<p>14 kwietnia 2010 roku, w Muzeum Historii Miasta Przemyśla (oddział Muzeum Narodowego Ziemi Przemyskiej) odsłonięta została tablica upamiętniająca przemyską rodzinę Bystrzyckich &#8211; przedwojennych właścicieli i mieszkańców kamienicy będącej aktualnie siedzibą wspomnianego oddziału muzealnego. Uroczystości odsłonięcia tablicy towarzyszyła wystawa honorująca familię Bystrzyckich, wywiezionych w 1940 r. do Kazachstanu i będących symbolem wielu innych rodzin, które stały się ofiarami masowych deportacji w tamtych czasach. Bystrzyccy na stałe wpisali się w historię jako zasłużeni urzędnicy, literaci, dziennikarze i naukowcy. Wydawnictwo w syntetyczny sposób ukazuje dzieje poszczególnych członków tego niezwykłego rodu, pokazując m.in. na reprodukcjach unikalne zdjęcia z rodzinnych albumów oraz dokumenty związane z zesłaniem.</p>

<h3>Sarkady Antoni, Sztaba Joanna</h3>
<p>14 kwietnia 2010 roku, w Muzeum Historii Miasta Przemyśla (oddział Muzeum Narodowego Ziemi Przemyskiej) odsłonięta została tablica upamiętniająca przemyską rodzinę Bystrzyckich &#8211; przedwojennych właścicieli i mieszkańców kamienicy będącej aktualnie siedzibą wspomnianego oddziału muzealnego&#8230;</p>
