{"id":152,"date":"2021-10-28T11:17:31","date_gmt":"2021-10-28T09:17:31","guid":{"rendered":"https:\/\/serwer1670446.home.pl\/mnzp\/ksiegarnia\/?post_type=product&#038;p=152"},"modified":"2022-12-15T07:41:14","modified_gmt":"2022-12-15T06:41:14","slug":"lwow-1918-bitwa-o-dworzec-glowny","status":"publish","type":"product","link":"https:\/\/mnzp.pl\/ksiegarnia\/index.php\/produkt\/lwow-1918-bitwa-o-dworzec-glowny\/","title":{"rendered":"Lw\u00f3w 1918. Bitwa o Dworzec G\u0142\u00f3wny"},"content":{"rendered":"<p>Praca jest histori\u0105 walk o Dworzec G\u0142\u00f3wny \u2013 redut\u0119, kt\u00f3rej zdobycie by\u0142o kluczowe, je\u017celi chodzi o dalszy przebieg walk i zwyci\u0119stwo Polak\u00f3w w obronie Lwowa. Autor walczy\u0142 jako dow\u00f3dca plutonu i w spos\u00f3b niezwykle kompetentny, krok po kroku, z nies\u0142ychan\u0105 dok\u0142adno\u015bci\u0105 opisa\u0142 przebieg walk z Ukrai\u0144cami na tym odcinku, korzystaj\u0105c z niezachowanych ju\u017c dzi\u015b materia\u0142\u00f3w polskich i ukrai\u0144skich. Jest to unikalne dzie\u0142o, kt\u00f3re przele\u017ca\u0142o zapomniane w archiwum przez blisko 90 lat.<\/p>\n","protected":false},"excerpt":{"rendered":"<h2>Petry Stanis\u0142aw<\/h2>\n<p>Praca jest histori\u0105 walk o Dworzec G\u0142\u00f3wny \u2013 redut\u0119, kt\u00f3rej zdobycie by\u0142o kluczowe, je\u017celi chodzi o dalszy przebieg walk i zwyci\u0119stwo Polak\u00f3w w obronie Lwowa&#8230;<\/p>\n","protected":false},"featured_media":153,"comment_status":"open","ping_status":"closed","template":"","meta":[],"product_brand":[],"product_cat":[16],"product_tag":[142,64,143],"class_list":{"0":"post-152","1":"product","2":"type-product","3":"status-publish","4":"has-post-thumbnail","6":"product_cat-ksiazki","7":"product_tag-biblioteczka-historyczna-mnzp","8":"product_tag-historia","9":"product_tag-lwow","11":"first","12":"instock","13":"shipping-taxable","14":"purchasable","15":"product-type-simple"},"_links":{"self":[{"href":"https:\/\/mnzp.pl\/ksiegarnia\/index.php\/wp-json\/wp\/v2\/product\/152","targetHints":{"allow":["GET"]}}],"collection":[{"href":"https:\/\/mnzp.pl\/ksiegarnia\/index.php\/wp-json\/wp\/v2\/product"}],"about":[{"href":"https:\/\/mnzp.pl\/ksiegarnia\/index.php\/wp-json\/wp\/v2\/types\/product"}],"replies":[{"embeddable":true,"href":"https:\/\/mnzp.pl\/ksiegarnia\/index.php\/wp-json\/wp\/v2\/comments?post=152"}],"wp:featuredmedia":[{"embeddable":true,"href":"https:\/\/mnzp.pl\/ksiegarnia\/index.php\/wp-json\/wp\/v2\/media\/153"}],"wp:attachment":[{"href":"https:\/\/mnzp.pl\/ksiegarnia\/index.php\/wp-json\/wp\/v2\/media?parent=152"}],"wp:term":[{"taxonomy":"product_brand","embeddable":true,"href":"https:\/\/mnzp.pl\/ksiegarnia\/index.php\/wp-json\/wp\/v2\/product_brand?post=152"},{"taxonomy":"product_cat","embeddable":true,"href":"https:\/\/mnzp.pl\/ksiegarnia\/index.php\/wp-json\/wp\/v2\/product_cat?post=152"},{"taxonomy":"product_tag","embeddable":true,"href":"https:\/\/mnzp.pl\/ksiegarnia\/index.php\/wp-json\/wp\/v2\/product_tag?post=152"}],"curies":[{"name":"wp","href":"https:\/\/api.w.org\/{rel}","templated":true}]}}