{"id":150,"date":"2021-10-28T11:13:13","date_gmt":"2021-10-28T09:13:13","guid":{"rendered":"https:\/\/serwer1670446.home.pl\/mnzp\/ksiegarnia\/?post_type=product&#038;p=150"},"modified":"2023-12-05T09:08:11","modified_gmt":"2023-12-05T08:08:11","slug":"wyprawa-teodora","status":"publish","type":"product","link":"https:\/\/mnzp.pl\/ksiegarnia\/index.php\/produkt\/wyprawa-teodora\/","title":{"rendered":"Wyprawa Teodora"},"content":{"rendered":"<p>Komiks opowiada o\u00a0losach\u00a0amuletu \u2013 przemyskiej gemmy oraz jej tw\u00f3rcy. Fikcyjna fabu\u0142a, kt\u00f3ra ma miejsce w X w. splata si\u0119 z faktami historycznymi oraz legend\u0105 zwi\u0105zan\u0105 z za\u0142o\u017ceniem przemyskiego grodu. Bohaterowie komiksu-mieszka\u0144cy Bizancjum wyruszaj\u0105 na wypraw\u0119, na tajemnicz\u0105 P\u00f3\u0142noc. Wartka akcja: przygoda z romantyczn\u0105 mi\u0142o\u015bci\u0105 w tle sprawiaj\u0105, \u017ce czyta si\u0119 t\u0119 historyjk\u0119 z du\u017cym zainteresowaniem.<\/p>\n","protected":false},"excerpt":{"rendered":"<h2>Kr\u00f3l Tomasz<\/h2>\n<p>Komiks opowiada o losach amuletu \u2013 przemyskiej gemmy oraz jej tw\u00f3rcy. Fikcyjna fabu\u0142a, kt\u00f3ra ma miejsce w X w. splata si\u0119 z faktami historycznymi oraz legend\u0105 zwi\u0105zan\u0105 z za\u0142o\u017ceniem przemyskiego grodu&#8230;<\/p>\n","protected":false},"featured_media":151,"comment_status":"open","ping_status":"closed","template":"","meta":[],"product_brand":[],"product_cat":[16],"product_tag":[152,64,153],"class_list":{"0":"post-150","1":"product","2":"type-product","3":"status-publish","4":"has-post-thumbnail","6":"product_cat-ksiazki","7":"product_tag-dla-dzieci","8":"product_tag-historia","9":"product_tag-komiks","11":"first","12":"outofstock","13":"shipping-taxable","14":"purchasable","15":"product-type-simple"},"_links":{"self":[{"href":"https:\/\/mnzp.pl\/ksiegarnia\/index.php\/wp-json\/wp\/v2\/product\/150","targetHints":{"allow":["GET"]}}],"collection":[{"href":"https:\/\/mnzp.pl\/ksiegarnia\/index.php\/wp-json\/wp\/v2\/product"}],"about":[{"href":"https:\/\/mnzp.pl\/ksiegarnia\/index.php\/wp-json\/wp\/v2\/types\/product"}],"replies":[{"embeddable":true,"href":"https:\/\/mnzp.pl\/ksiegarnia\/index.php\/wp-json\/wp\/v2\/comments?post=150"}],"wp:featuredmedia":[{"embeddable":true,"href":"https:\/\/mnzp.pl\/ksiegarnia\/index.php\/wp-json\/wp\/v2\/media\/151"}],"wp:attachment":[{"href":"https:\/\/mnzp.pl\/ksiegarnia\/index.php\/wp-json\/wp\/v2\/media?parent=150"}],"wp:term":[{"taxonomy":"product_brand","embeddable":true,"href":"https:\/\/mnzp.pl\/ksiegarnia\/index.php\/wp-json\/wp\/v2\/product_brand?post=150"},{"taxonomy":"product_cat","embeddable":true,"href":"https:\/\/mnzp.pl\/ksiegarnia\/index.php\/wp-json\/wp\/v2\/product_cat?post=150"},{"taxonomy":"product_tag","embeddable":true,"href":"https:\/\/mnzp.pl\/ksiegarnia\/index.php\/wp-json\/wp\/v2\/product_tag?post=150"}],"curies":[{"name":"wp","href":"https:\/\/api.w.org\/{rel}","templated":true}]}}