{"id":148,"date":"2021-10-28T10:48:11","date_gmt":"2021-10-28T08:48:11","guid":{"rendered":"https:\/\/serwer1670446.home.pl\/mnzp\/ksiegarnia\/?post_type=product&#038;p=148"},"modified":"2022-12-08T14:30:44","modified_gmt":"2022-12-08T13:30:44","slug":"andrzej-maksymilian-fredro-ok-1620-1679","status":"publish","type":"product","link":"https:\/\/mnzp.pl\/ksiegarnia\/index.php\/produkt\/andrzej-maksymilian-fredro-ok-1620-1679\/","title":{"rendered":"Andrzej Maksymilian Fredro ok. 1620-1679"},"content":{"rendered":"<p>Pierwsz\u0105 cz\u0119\u015b\u0107 publikacji stanowi obszerny rozdzia\u0142 wprowadzaj\u0105cy dotycz\u0105cy Ziemi Przemyskiej w czasach Andrzeja Maksymiliana Fredry &#8211; kasztelana lwowskiego, wojewody podolskiego, pos\u0142a oraz marsza\u0142ka sejmu. Drugi fragment opracowania przedstawia \u017cycie: dom rodzinny, drog\u0119 edukacji, dzia\u0142alno\u015b\u0107 polityczn\u0105, pisarsk\u0105 i donatorsk\u0105 oraz rozliczne aktywno\u015bci tej wybitnej i barwnej postaci XVII-wiecznej Rzeczypospolitej. Uzupe\u0142nieniem tekstu s\u0105 ilustracje.<\/p>\n","protected":false},"excerpt":{"rendered":"<h2>Fac Lucjan, Tracz-Tryniecki Marek<\/h2>\n<p>Pierwsz\u0105 cz\u0119\u015b\u0107 publikacji stanowi obszerny rozdzia\u0142 wprowadzaj\u0105cy dotycz\u0105cy Ziemi Przemyskiej w czasach Andrzeja Maksymiliana Fredry &#8211; kasztelana lwowskiego&#8230;<\/p>\n","protected":false},"featured_media":149,"comment_status":"open","ping_status":"closed","template":"","meta":[],"product_brand":[],"product_cat":[16],"product_tag":[133,64,139],"class_list":{"0":"post-148","1":"product","2":"type-product","3":"status-publish","4":"has-post-thumbnail","6":"product_cat-ksiazki","7":"product_tag-biografie","8":"product_tag-historia","9":"product_tag-ziemia-przemyska","11":"first","12":"instock","13":"shipping-taxable","14":"purchasable","15":"product-type-simple"},"_links":{"self":[{"href":"https:\/\/mnzp.pl\/ksiegarnia\/index.php\/wp-json\/wp\/v2\/product\/148","targetHints":{"allow":["GET"]}}],"collection":[{"href":"https:\/\/mnzp.pl\/ksiegarnia\/index.php\/wp-json\/wp\/v2\/product"}],"about":[{"href":"https:\/\/mnzp.pl\/ksiegarnia\/index.php\/wp-json\/wp\/v2\/types\/product"}],"replies":[{"embeddable":true,"href":"https:\/\/mnzp.pl\/ksiegarnia\/index.php\/wp-json\/wp\/v2\/comments?post=148"}],"wp:featuredmedia":[{"embeddable":true,"href":"https:\/\/mnzp.pl\/ksiegarnia\/index.php\/wp-json\/wp\/v2\/media\/149"}],"wp:attachment":[{"href":"https:\/\/mnzp.pl\/ksiegarnia\/index.php\/wp-json\/wp\/v2\/media?parent=148"}],"wp:term":[{"taxonomy":"product_brand","embeddable":true,"href":"https:\/\/mnzp.pl\/ksiegarnia\/index.php\/wp-json\/wp\/v2\/product_brand?post=148"},{"taxonomy":"product_cat","embeddable":true,"href":"https:\/\/mnzp.pl\/ksiegarnia\/index.php\/wp-json\/wp\/v2\/product_cat?post=148"},{"taxonomy":"product_tag","embeddable":true,"href":"https:\/\/mnzp.pl\/ksiegarnia\/index.php\/wp-json\/wp\/v2\/product_tag?post=148"}],"curies":[{"name":"wp","href":"https:\/\/api.w.org\/{rel}","templated":true}]}}