{"id":146,"date":"2021-10-28T09:48:07","date_gmt":"2021-10-28T07:48:07","guid":{"rendered":"https:\/\/serwer1670446.home.pl\/mnzp\/ksiegarnia\/?post_type=product&#038;p=146"},"modified":"2022-12-15T07:41:42","modified_gmt":"2022-12-15T06:41:42","slug":"iii-dywizjon-lotniczy-w-obronie-lwowa-w-sierpniu-1920-roku","status":"publish","type":"product","link":"https:\/\/mnzp.pl\/ksiegarnia\/index.php\/produkt\/iii-dywizjon-lotniczy-w-obronie-lwowa-w-sierpniu-1920-roku\/","title":{"rendered":"III. Dywizjon Lotniczy w obronie Lwowa w sierpniu 1920 roku"},"content":{"rendered":"<p>III. Dywizjon Lotniczy zwr\u00f3ci\u0142 na siebie uwag\u0119 podczas walk z bolszewickimi poci\u0105gami pancernymi oraz z 1. Armi\u0105 Konn\u0105 na przedpolach Lwowa. Ksi\u0105\u017cka przypomina o po\u015bwi\u0119ceniu personelu lataj\u0105cego i technicznego Wojsk Lotniczych, gdy niepodleg\u0142o\u015b\u0107 II Rzeczypospolitej by\u0142a zagro\u017cona. Publikacja oparta na \u017ar\u00f3d\u0142ach, bogato ilustrowana, zawiera indeks nazwisk.<\/p>\n","protected":false},"excerpt":{"rendered":"<h2>Niestrawski Mariusz<\/h2>\n<p>III. Dywizjon Lotniczy zwr\u00f3ci\u0142 na siebie uwag\u0119 podczas walk z bolszewickimi poci\u0105gami pancernymi oraz z 1. Armi\u0105 Konn\u0105 na przedpolach Lwowa&#8230;<\/p>\n","protected":false},"featured_media":147,"comment_status":"open","ping_status":"closed","template":"","meta":[],"product_brand":[],"product_cat":[16],"product_tag":[142,64,143],"class_list":{"0":"post-146","1":"product","2":"type-product","3":"status-publish","4":"has-post-thumbnail","6":"product_cat-ksiazki","7":"product_tag-biblioteczka-historyczna-mnzp","8":"product_tag-historia","9":"product_tag-lwow","11":"first","12":"instock","13":"shipping-taxable","14":"purchasable","15":"product-type-simple"},"_links":{"self":[{"href":"https:\/\/mnzp.pl\/ksiegarnia\/index.php\/wp-json\/wp\/v2\/product\/146","targetHints":{"allow":["GET"]}}],"collection":[{"href":"https:\/\/mnzp.pl\/ksiegarnia\/index.php\/wp-json\/wp\/v2\/product"}],"about":[{"href":"https:\/\/mnzp.pl\/ksiegarnia\/index.php\/wp-json\/wp\/v2\/types\/product"}],"replies":[{"embeddable":true,"href":"https:\/\/mnzp.pl\/ksiegarnia\/index.php\/wp-json\/wp\/v2\/comments?post=146"}],"wp:featuredmedia":[{"embeddable":true,"href":"https:\/\/mnzp.pl\/ksiegarnia\/index.php\/wp-json\/wp\/v2\/media\/147"}],"wp:attachment":[{"href":"https:\/\/mnzp.pl\/ksiegarnia\/index.php\/wp-json\/wp\/v2\/media?parent=146"}],"wp:term":[{"taxonomy":"product_brand","embeddable":true,"href":"https:\/\/mnzp.pl\/ksiegarnia\/index.php\/wp-json\/wp\/v2\/product_brand?post=146"},{"taxonomy":"product_cat","embeddable":true,"href":"https:\/\/mnzp.pl\/ksiegarnia\/index.php\/wp-json\/wp\/v2\/product_cat?post=146"},{"taxonomy":"product_tag","embeddable":true,"href":"https:\/\/mnzp.pl\/ksiegarnia\/index.php\/wp-json\/wp\/v2\/product_tag?post=146"}],"curies":[{"name":"wp","href":"https:\/\/api.w.org\/{rel}","templated":true}]}}