{"id":138,"date":"2021-10-28T08:40:24","date_gmt":"2021-10-28T06:40:24","guid":{"rendered":"https:\/\/serwer1670446.home.pl\/mnzp\/ksiegarnia\/?post_type=product&#038;p=138"},"modified":"2022-12-08T12:18:12","modified_gmt":"2022-12-08T11:18:12","slug":"duszpasterstwo-garnizonu-przemysl-w-latach-1914-2017","status":"publish","type":"product","link":"https:\/\/mnzp.pl\/ksiegarnia\/index.php\/produkt\/duszpasterstwo-garnizonu-przemysl-w-latach-1914-2017\/","title":{"rendered":"Duszpasterstwo Garnizonu Przemy\u015bl w latach 1914-2017"},"content":{"rendered":"<p>Praca stanowi syntetyczny zarys dziej\u00f3w przemyskiego duszpasterstwa sztabowego. Obejmuje ona okres oko\u0142o stu ostatnich lat w kt\u00f3rych by\u0142o wiele moment\u00f3w prze\u0142omowych, wiele r\u00f3\u017cnych armii i wyzna\u0144.<\/p>\n","protected":false},"excerpt":{"rendered":"<h2>Kielar Grzegorz<\/h2>\n<p>Praca stanowi syntetyczny zarys dziej\u00f3w przemyskiego duszpasterstwa sztabowego&#8230;<\/p>\n","protected":false},"featured_media":139,"comment_status":"open","ping_status":"closed","template":"","meta":[],"product_brand":[],"product_cat":[16],"product_tag":[142,64,137],"class_list":{"0":"post-138","1":"product","2":"type-product","3":"status-publish","4":"has-post-thumbnail","6":"product_cat-ksiazki","7":"product_tag-biblioteczka-historyczna-mnzp","8":"product_tag-historia","9":"product_tag-kosciol","11":"first","12":"instock","13":"shipping-taxable","14":"purchasable","15":"product-type-simple"},"_links":{"self":[{"href":"https:\/\/mnzp.pl\/ksiegarnia\/index.php\/wp-json\/wp\/v2\/product\/138","targetHints":{"allow":["GET"]}}],"collection":[{"href":"https:\/\/mnzp.pl\/ksiegarnia\/index.php\/wp-json\/wp\/v2\/product"}],"about":[{"href":"https:\/\/mnzp.pl\/ksiegarnia\/index.php\/wp-json\/wp\/v2\/types\/product"}],"replies":[{"embeddable":true,"href":"https:\/\/mnzp.pl\/ksiegarnia\/index.php\/wp-json\/wp\/v2\/comments?post=138"}],"wp:featuredmedia":[{"embeddable":true,"href":"https:\/\/mnzp.pl\/ksiegarnia\/index.php\/wp-json\/wp\/v2\/media\/139"}],"wp:attachment":[{"href":"https:\/\/mnzp.pl\/ksiegarnia\/index.php\/wp-json\/wp\/v2\/media?parent=138"}],"wp:term":[{"taxonomy":"product_brand","embeddable":true,"href":"https:\/\/mnzp.pl\/ksiegarnia\/index.php\/wp-json\/wp\/v2\/product_brand?post=138"},{"taxonomy":"product_cat","embeddable":true,"href":"https:\/\/mnzp.pl\/ksiegarnia\/index.php\/wp-json\/wp\/v2\/product_cat?post=138"},{"taxonomy":"product_tag","embeddable":true,"href":"https:\/\/mnzp.pl\/ksiegarnia\/index.php\/wp-json\/wp\/v2\/product_tag?post=138"}],"curies":[{"name":"wp","href":"https:\/\/api.w.org\/{rel}","templated":true}]}}