{"id":136,"date":"2021-10-28T08:35:54","date_gmt":"2021-10-28T06:35:54","guid":{"rendered":"https:\/\/serwer1670446.home.pl\/mnzp\/ksiegarnia\/?post_type=product&#038;p=136"},"modified":"2023-10-04T11:12:42","modified_gmt":"2023-10-04T09:12:42","slug":"dzialania-wojenne-na-ziemi-radymnianskiej-w-xx-wieku","status":"publish","type":"product","link":"https:\/\/mnzp.pl\/ksiegarnia\/index.php\/produkt\/dzialania-wojenne-na-ziemi-radymnianskiej-w-xx-wieku\/","title":{"rendered":"Dzia\u0142ania wojenne na ziemi radymnia\u0144skiej w XX wieku"},"content":{"rendered":"<p>Kolejna publikacja w ramach Biblioteczki Muzeum Narodowego Ziemi Przemyskiej.<\/p>\n<p>Jest pierwszym tak obszernym i ca\u0142o\u015bciowym om\u00f3wieniem dzia\u0142a\u0144 militarnych na terenie ziemi radymnia\u0144skiej stanowi\u0105cej zaledwie ma\u0142y fragment po\u0142udniowo-wschodniego teatru dzia\u0142a\u0144 wojennych. Mimo, \u017ce w tej skali to faktycznie zaledwie ma\u0142y fragmencik, to jednak dynamika i skala wydarze\u0144 jakie na nim zasz\u0142y zar\u00f3wno w trakcie I jak i II wojny \u015bwiatowej s\u0105 zdumiewaj\u0105ce. Niestety dla Radymna i jego okolicy skutki tych dzia\u0142a\u0144 by\u0142y tragiczne: zniszczenie miasta, spalone wsie, zabici, ranni, g\u0142\u00f3d, rabunek, \u2026. Nieprawdopodobne straty, b\u00f3l i cierpienie ca\u0142ych pokole\u0144 mieszka\u0144c\u00f3w ziemi radymnia\u0144skiej, kt\u00f3rym autor w ten spos\u00f3b z\u0142o\u017cy\u0142 ho\u0142d.<\/p>\n","protected":false},"excerpt":{"rendered":"<h2>Moszuma\u0144ski Zbigniew<\/h2>\n<p>Publikacja jest pierwszym tak obszernym i ca\u0142o\u015bciowym om\u00f3wieniem dzia\u0142a\u0144 militarnych na terenie ziemi radymnia\u0144skiej stanowi\u0105cej zaledwie ma\u0142y fragment po\u0142udniowo-wschodniego teatru dzia\u0142a\u0144 wojennych&#8230;<\/p>\n","protected":false},"featured_media":137,"comment_status":"open","ping_status":"closed","template":"","meta":[],"product_brand":[],"product_cat":[16],"product_tag":[142,64,82,148,81,147],"class_list":{"0":"post-136","1":"product","2":"type-product","3":"status-publish","4":"has-post-thumbnail","6":"product_cat-ksiazki","7":"product_tag-biblioteczka-historyczna-mnzp","8":"product_tag-historia","9":"product_tag-i-wojna-swiatowa","10":"product_tag-ii-wojna-swiatowa","11":"product_tag-jaroslaw","12":"product_tag-radymno","14":"first","15":"outofstock","16":"shipping-taxable","17":"purchasable","18":"product-type-simple"},"_links":{"self":[{"href":"https:\/\/mnzp.pl\/ksiegarnia\/index.php\/wp-json\/wp\/v2\/product\/136","targetHints":{"allow":["GET"]}}],"collection":[{"href":"https:\/\/mnzp.pl\/ksiegarnia\/index.php\/wp-json\/wp\/v2\/product"}],"about":[{"href":"https:\/\/mnzp.pl\/ksiegarnia\/index.php\/wp-json\/wp\/v2\/types\/product"}],"replies":[{"embeddable":true,"href":"https:\/\/mnzp.pl\/ksiegarnia\/index.php\/wp-json\/wp\/v2\/comments?post=136"}],"wp:featuredmedia":[{"embeddable":true,"href":"https:\/\/mnzp.pl\/ksiegarnia\/index.php\/wp-json\/wp\/v2\/media\/137"}],"wp:attachment":[{"href":"https:\/\/mnzp.pl\/ksiegarnia\/index.php\/wp-json\/wp\/v2\/media?parent=136"}],"wp:term":[{"taxonomy":"product_brand","embeddable":true,"href":"https:\/\/mnzp.pl\/ksiegarnia\/index.php\/wp-json\/wp\/v2\/product_brand?post=136"},{"taxonomy":"product_cat","embeddable":true,"href":"https:\/\/mnzp.pl\/ksiegarnia\/index.php\/wp-json\/wp\/v2\/product_cat?post=136"},{"taxonomy":"product_tag","embeddable":true,"href":"https:\/\/mnzp.pl\/ksiegarnia\/index.php\/wp-json\/wp\/v2\/product_tag?post=136"}],"curies":[{"name":"wp","href":"https:\/\/api.w.org\/{rel}","templated":true}]}}

Działania wojenne na ziemi radymniańskiej w XX wieku

<p>Kolejna publikacja w ramach Biblioteczki Muzeum Narodowego Ziemi Przemyskiej.</p>
<p>Jest pierwszym tak obszernym i całościowym omówieniem działań militarnych na terenie ziemi radymniańskiej stanowiącej zaledwie mały fragment południowo-wschodniego teatru działań wojennych. Mimo, że w tej skali to faktycznie zaledwie mały fragmencik, to jednak dynamika i skala wydarzeń jakie na nim zaszły zarówno w trakcie I jak i II wojny światowej są zdumiewające. Niestety dla Radymna i jego okolicy skutki tych działań były tragiczne: zniszczenie miasta, spalone wsie, zabici, ranni, głód, rabunek, …. Nieprawdopodobne straty, ból i cierpienie całych pokoleń mieszkańców ziemi radymniańskiej, którym autor w ten sposób złożył hołd.</p>

<h2>Moszumański Zbigniew</h2>
<p>Publikacja jest pierwszym tak obszernym i całościowym omówieniem działań militarnych na terenie ziemi radymniańskiej stanowiącej zaledwie mały fragment południowo-wschodniego teatru działań wojennych&#8230;</p>
