{"id":13,"date":"2021-10-25T13:41:57","date_gmt":"2021-10-25T11:41:57","guid":{"rendered":"https:\/\/serwer1670446.home.pl\/mnzp\/ksiegarnia\/?post_type=product&#038;p=13"},"modified":"2022-12-06T08:32:47","modified_gmt":"2022-12-06T07:32:47","slug":"stambul-czarodziej-wszechczasow","status":"publish","type":"product","link":"https:\/\/mnzp.pl\/ksiegarnia\/index.php\/produkt\/stambul-czarodziej-wszechczasow\/","title":{"rendered":"Stambu\u0142 czarodziej wszechczas\u00f3w"},"content":{"rendered":"<p>Wydawnictwo opowiada o dziejach dawnego i wsp\u00f3\u0142czesnego Stambu\u0142u \u2013 miasta, kt\u00f3re w 2010 roku zosta\u0142o europejsk\u0105 stolic\u0105 kultury. Autorka przybli\u017ca histori\u0119 tego magicznego miejsca, ilustruj\u0105c swoj\u0105 prac\u0119 starymi poczt\u00f3wkami i wsp\u00f3\u0142czesnymi zdj\u0119ciami, kt\u00f3re obejrze\u0107 mo\u017cna by\u0142o r\u00f3wnie\u017c na wystawie pod tym samym tytu\u0142em, zorganizowanej w Muzeum Narodowym Ziemi Przemyskiej (wrzesie\u0144 \u2013 listopad 2010).<\/p>\n","protected":false},"excerpt":{"rendered":"<h3>Sarkady Nalan<\/h3>\n<p>Wydawnictwo opowiada o dziejach dawnego i wsp\u00f3\u0142czesnego Stambu\u0142u \u2013 miasta, kt\u00f3re w 2010 roku zosta\u0142o europejsk\u0105 stolic\u0105 kultury&#8230;<\/p>\n","protected":false},"featured_media":14,"comment_status":"open","ping_status":"closed","template":"","meta":[],"product_brand":[],"product_cat":[16],"product_tag":[64,63,113,114,108],"class_list":{"0":"post-13","1":"product","2":"type-product","3":"status-publish","4":"has-post-thumbnail","6":"product_cat-ksiazki","7":"product_tag-historia","8":"product_tag-katalog","9":"product_tag-stambul","10":"product_tag-turcja","11":"product_tag-wystawa-czasowa","13":"first","14":"instock","15":"shipping-taxable","16":"purchasable","17":"product-type-simple"},"_links":{"self":[{"href":"https:\/\/mnzp.pl\/ksiegarnia\/index.php\/wp-json\/wp\/v2\/product\/13","targetHints":{"allow":["GET"]}}],"collection":[{"href":"https:\/\/mnzp.pl\/ksiegarnia\/index.php\/wp-json\/wp\/v2\/product"}],"about":[{"href":"https:\/\/mnzp.pl\/ksiegarnia\/index.php\/wp-json\/wp\/v2\/types\/product"}],"replies":[{"embeddable":true,"href":"https:\/\/mnzp.pl\/ksiegarnia\/index.php\/wp-json\/wp\/v2\/comments?post=13"}],"wp:featuredmedia":[{"embeddable":true,"href":"https:\/\/mnzp.pl\/ksiegarnia\/index.php\/wp-json\/wp\/v2\/media\/14"}],"wp:attachment":[{"href":"https:\/\/mnzp.pl\/ksiegarnia\/index.php\/wp-json\/wp\/v2\/media?parent=13"}],"wp:term":[{"taxonomy":"product_brand","embeddable":true,"href":"https:\/\/mnzp.pl\/ksiegarnia\/index.php\/wp-json\/wp\/v2\/product_brand?post=13"},{"taxonomy":"product_cat","embeddable":true,"href":"https:\/\/mnzp.pl\/ksiegarnia\/index.php\/wp-json\/wp\/v2\/product_cat?post=13"},{"taxonomy":"product_tag","embeddable":true,"href":"https:\/\/mnzp.pl\/ksiegarnia\/index.php\/wp-json\/wp\/v2\/product_tag?post=13"}],"curies":[{"name":"wp","href":"https:\/\/api.w.org\/{rel}","templated":true}]}}