{"id":1237,"date":"2024-12-03T08:37:04","date_gmt":"2024-12-03T07:37:04","guid":{"rendered":"https:\/\/mnzp.pl\/ksiegarnia\/?post_type=product&#038;p=1237"},"modified":"2024-12-03T11:27:49","modified_gmt":"2024-12-03T10:27:49","slug":"przemysl-w-latach-ii-wojny-swiatowej-1939-1945","status":"publish","type":"product","link":"https:\/\/mnzp.pl\/ksiegarnia\/index.php\/produkt\/przemysl-w-latach-ii-wojny-swiatowej-1939-1945\/","title":{"rendered":"Przemy\u015bl w latach II wojny \u015bwiatowej 1939 &#8211; 1945"},"content":{"rendered":"<p>Publikacja w bardzo szczeg\u00f3\u0142owej formie omawia losy Przemy\u015bla w okresie od 1939 do 1945 roku. Na prawie 500 stronach autorzy zebrali informacje na temat udzia\u0142u miasta w wojnie obronnej, okupacji niemieckiej i sowieckiej oraz wyzwolenia w roku 1945. Ca\u0142o\u015b\u0107 opracowania ustrukturyzowano hierarchicznie i chronologicznie poczynaj\u0105c od podstaw prawnych funkcjonowania w\u0142adz okupacyjnych, poprzez aparat opresji, procesy wynaradawiania ludno\u015bci, sprawy spo\u0142eczne, kulturalne na \u017cyciu codziennym i religijnym mieszka\u0144c\u00f3w ko\u0144cz\u0105c. Tekst uzupe\u0142niaj\u0105 liczne wspomnienia, artyku\u0142y z gazet okupacyjnych, przypisy oraz do tej pory nie publikowane fotografie.<\/p>\n<p>Spis Tre\u015bci<\/p>\n<ul>\n<li>Wst\u0119p<\/li>\n<li>Sierpie\u0144 \u2013 Wrzesie\u0144 1939\n<ul>\n<li>Przygotowania do wojny i dzia\u0142ania mobilizacyjne<\/li>\n<li>Wybuch wojny<\/li>\n<li>Przygotowania do obrony Przemy\u015bla<\/li>\n<li>B\u00f3j pod Bircz\u0105 i \u0141\u0119towni\u0105<\/li>\n<li>Obrona Przemy\u015bla<\/li>\n<li>Upadek i podzia\u0142 miasta<\/li>\n<\/ul>\n<\/li>\n<li>Okupacja niemiecka\n<ul>\n<li>Organizacja w\u0142adz i administracji okupacyjnej<\/li>\n<li>\u201eWymiar sprawiedliwo\u015bci\u201d<\/li>\n<li>Policyjny aparat okupacyjny\n<ul>\n<li>\u017bandarmeria<\/li>\n<li>Bahnschutzpolizei<\/li>\n<li>Truppenpolizei<\/li>\n<li>Polnische Polizei<\/li>\n<li>Ukrainische Polizei<\/li>\n<li>Sicherheitdienst &#8211; SD<\/li>\n<li>Sicherheitpolizei &#8211; SIPO<\/li>\n<li>Kriminalpolizei &#8211; KRIPO<\/li>\n<li>Zollgrenzschutz<\/li>\n<li>Die Sturmabteilungen der NSDAP (SA der NSDAP)<\/li>\n<\/ul>\n<\/li>\n<li>Jednostki i struktury wojskowe dyslokowane w Przemy\u015blu<\/li>\n<li>Niemieckie obozy w Przemy\u015blu i okolicach\n<ul>\n<li>Obozy jenieckie<\/li>\n<li>Obozy przej\u015bciowe (zbiorcze)<\/li>\n<\/ul>\n<\/li>\n<li>Ob\u0142awy, \u0142apanki i przymusowe wyw\u00f3zki do Rzeszy<\/li>\n<li>Baudienst<\/li>\n<li>Germanizacja Przemy\u015bla<\/li>\n<li>Organizacje dobroczynne i pomocowe<\/li>\n<li>\u017bycie codzienne, spo\u0142eczne, kulturalne i religijne\n<ul>\n<li>Praca i materialne warunki egzystencji mieszka\u0144c\u00f3w Przemy\u015bla<\/li>\n<li>Reglamentacja przestrzeni publicznej<\/li>\n<li>Opieka zdrowotna<\/li>\n<li>Volksdeutsche<\/li>\n<li>Konfidenci i kolaboranci<\/li>\n<li>Kultura<\/li>\n<\/ul>\n<\/li>\n<li>Oficjalny system edukacyjny i tajne nauczanie<\/li>\n<li>Funkcjonowanie ko\u015bcio\u0142a rzymskokatolickiego w warunkach niemieckiej okupacji<\/li>\n<li>Ko\u015bci\u00f3\u0142 greckokatolicki<\/li>\n<li>Gospodarka i ekonomia<\/li>\n<li>Plany powojennej germanizacji Przemy\u015bla<\/li>\n<li>Walki o Przemy\u015bl i jego \u201ewyzwolenie\u201d<\/li>\n<li>Odpowiedzialno\u015b\u0107 karna niemieckich okupant\u00f3w<\/li>\n<li>\u015aladami \u201epami\u0105tek\u201d po niemieckiej okupacji miasta<\/li>\n<li>Drugowojenne cmentarze<\/li>\n<li>Straty ludno\u015bciowe Przemy\u015bla spowodowane niemieck\u0105 okupacj\u0105<\/li>\n<\/ul>\n<\/li>\n<li>Okupacja sowiecka<\/li>\n<li>Prawno-ustrojowy charakter okupacji sowieckiej<\/li>\n<li>Zaj\u0119cie Przemy\u015bla przez Armi\u0119 Czerwon\u0105<\/li>\n<li>Granica na Sanie<\/li>\n<li>Migracje ludno\u015bci przez most graniczny na Sanie<\/li>\n<li>Pierwsze miesi\u0105ce okupacji &#8211; zderzenie cywilizacji<\/li>\n<li>Inkorporacja Przemy\u015bla i teren\u00f3w tzw. Zachodniej Ukrainy do ZSRS<\/li>\n<li>Nowy podzia\u0142 administracyjny<\/li>\n<li>Organizacja tymczasowych organ\u00f3w w\u0142adzy sowieckiej w pierwszym okresie okupacji<\/li>\n<li>Organizacja i funkcjonowanie w\u0142adz partyjno-pa\u0144stwowych w Przemy\u015blu\n<ul>\n<li>Organizacja administracji<\/li>\n<li>Organizacja struktur partii komunistycznej<\/li>\n<li>Komsomo\u0142 i pionierzy<\/li>\n<li>Czerwonyj Peremyszl<\/li>\n<li>\u201eWybory\u201d do Miejskiej Rady Deputowanych Pracuj\u0105cych<\/li>\n<\/ul>\n<\/li>\n<li>Sowiecka opresja, aresztowania, wi\u0119zienia, deportacje\n<ul>\n<li>NKWD \/ NKGB<\/li>\n<li>Robotniczo-Ch\u0142opska Milicja<\/li>\n<li>Wi\u0119zienia i ich ewakuacja w czerwcu 1941 r.<\/li>\n<li>Wsp\u00f3\u0142praca NKWD ze s\u0142u\u017cbami III Rzeszy<\/li>\n<li>\u201eWymiar sprawiedliwo\u015bci\u201d<\/li>\n<li>Deportacje<\/li>\n<li>Paszportyzacja<\/li>\n<\/ul>\n<\/li>\n<li>Organizacja \u017cycia spo\u0142ecznego\n<ul>\n<li>Polityka narodowo\u015bciowa<\/li>\n<li>Depolonizacja przestrzeni publicznej<\/li>\n<li>Wprowadzenie nowej waluty, czasu moskiewskiego i nowego czasu pracy<\/li>\n<li>Organizacje spo\u0142eczne, kulturalne, polityczne i zwi\u0105zkowe<\/li>\n<li>Biblioteki i archiwa<\/li>\n<li>Muzea<\/li>\n<li>Teatr, kina i Dom Sockultury<\/li>\n<li>Sport<\/li>\n<li>Partie polityczne<\/li>\n<li>Zwi\u0105zki zawodowe<\/li>\n<li>Organizacje dobroczynne i opieku\u0144cze<\/li>\n<li>S\u0142u\u017cba zdrowia<\/li>\n<li>System edukacjny i szkolnictwo<\/li>\n<\/ul>\n<\/li>\n<li>Propaganda i agitacja<\/li>\n<li>Gospodarka\n<ul>\n<li>Nacjonalizacja gospodarki<\/li>\n<li>Handel, gospodarka komunalna, mieszkaniowa oraz us\u0142ugi dla ludno\u015bci\n<ul>\n<li>Sklepy<\/li>\n<li>Bazar<\/li>\n<li>Restauracje<\/li>\n<li>Piekarnie<\/li>\n<li>M\u0142yny<\/li>\n<li>Ulice, place i park miejski<\/li>\n<li>Ziele\u0144 miejska<\/li>\n<li>Oczyszczanie miasta<\/li>\n<li>Prace remontowe i zarz\u0105dzanie budynkami mieszkaniowymi<\/li>\n<li>\u0141a\u017anie<\/li>\n<\/ul>\n<\/li>\n<li>Rolnictwo<\/li>\n<\/ul>\n<\/li>\n<li>Ko\u015bcio\u0142y, \u017cycie religijne i ateizacja spo\u0142ecze\u0144stwa<\/li>\n<li>Podsumowanie<\/li>\n<li>Suplement<\/li>\n<li>Indeks osobowy<\/li>\n<\/ul>\n","protected":false},"excerpt":{"rendered":"<h2>Marek Kr\u00f3l, Wawrzyniec Markowski<\/h2>\n<p>Publikacja w bardzo szczeg\u00f3\u0142owej formie omawia losy Przemy\u015bla w okresie od 1939 do 1945 roku. Na prawie 500 stronach autorzy zebrali informacje na temat udzia\u0142u miasta w wojnie obronnej, okupacji niemieckiej i sowieckiej oraz wyzwolenia w roku 1945.<\/p>\n","protected":false},"featured_media":1238,"comment_status":"open","ping_status":"closed","template":"","meta":[],"product_brand":[],"product_cat":[16],"product_tag":[148,222,58],"class_list":{"0":"post-1237","1":"product","2":"type-product","3":"status-publish","4":"has-post-thumbnail","6":"product_cat-ksiazki","7":"product_tag-ii-wojna-swiatowa","8":"product_tag-okupacja","9":"product_tag-przemysl","11":"first","12":"instock","13":"shipping-taxable","14":"purchasable","15":"product-type-simple"},"_links":{"self":[{"href":"https:\/\/mnzp.pl\/ksiegarnia\/index.php\/wp-json\/wp\/v2\/product\/1237","targetHints":{"allow":["GET"]}}],"collection":[{"href":"https:\/\/mnzp.pl\/ksiegarnia\/index.php\/wp-json\/wp\/v2\/product"}],"about":[{"href":"https:\/\/mnzp.pl\/ksiegarnia\/index.php\/wp-json\/wp\/v2\/types\/product"}],"replies":[{"embeddable":true,"href":"https:\/\/mnzp.pl\/ksiegarnia\/index.php\/wp-json\/wp\/v2\/comments?post=1237"}],"wp:featuredmedia":[{"embeddable":true,"href":"https:\/\/mnzp.pl\/ksiegarnia\/index.php\/wp-json\/wp\/v2\/media\/1238"}],"wp:attachment":[{"href":"https:\/\/mnzp.pl\/ksiegarnia\/index.php\/wp-json\/wp\/v2\/media?parent=1237"}],"wp:term":[{"taxonomy":"product_brand","embeddable":true,"href":"https:\/\/mnzp.pl\/ksiegarnia\/index.php\/wp-json\/wp\/v2\/product_brand?post=1237"},{"taxonomy":"product_cat","embeddable":true,"href":"https:\/\/mnzp.pl\/ksiegarnia\/index.php\/wp-json\/wp\/v2\/product_cat?post=1237"},{"taxonomy":"product_tag","embeddable":true,"href":"https:\/\/mnzp.pl\/ksiegarnia\/index.php\/wp-json\/wp\/v2\/product_tag?post=1237"}],"curies":[{"name":"wp","href":"https:\/\/api.w.org\/{rel}","templated":true}]}}