{"id":1067,"date":"2024-05-23T11:15:53","date_gmt":"2024-05-23T09:15:53","guid":{"rendered":"https:\/\/mnzp.pl\/ksiegarnia\/?post_type=product&#038;p=1067"},"modified":"2024-05-23T11:17:19","modified_gmt":"2024-05-23T09:17:19","slug":"wik-plakat-filmowy-ludwika-cieslika","status":"publish","type":"product","link":"https:\/\/mnzp.pl\/ksiegarnia\/index.php\/produkt\/wik-plakat-filmowy-ludwika-cieslika\/","title":{"rendered":"Wik Plakat Filmowy Ludwika Cie\u015blika"},"content":{"rendered":"<p>Publikacja jest katalogiem wystawy pod tym samym tytu\u0142em, prezentowanej w Muzeum Narodowym Ziemi Przemyskiej od 1 marca do 18 maja 2024 roku. Zawiera on 16 projekt\u00f3w oraz 89 druk\u00f3w plakat\u00f3w filmowych. Wszystkie one pochodz\u0105 z kolekcji syna Ludwika Cie\u015blika, Stanis\u0142awa. Zaprezentowano je w uk\u0142adzie chronologicznym. Pierwsz\u0105 grup\u0119 stanowi\u0105 projekty z lata 1955 &#8211; 1978, drug\u0105 gotowe wydruki plakat\u00f3w z lat 1947 &#8211; 1975.<\/p>\n<p>W pracy zaprezentowano r\u00f3wnie\u017c kalendarium \u017cycia Ludwika Cie\u015blika gdzie zawarto nowe, nie znane wcze\u015bniej informacje z \u017cycia artysty, nie uj\u0119te w pracy <em>Ludwik Cie\u015blik (Heller) (1904 &#8211; 1990). U\u015bpione miasto &#8211; La ville endormie<\/em> z 2023 roku.<\/p>\n<p><strong>Ludwik Cie\u015blik (Heller)<\/strong> by\u0142 urodzonym w 1904 roku w Przemy\u015blu artyst\u0105 plastykiem. Wi\u0119ksz\u0105 cze\u015b\u0107 swojego \u017cycia zawodowego sp\u0119dzi\u0142 jednak w Belgii gdzie prowadzi\u0142 firm\u0119 projektuj\u0105c\u0105 reklamy i plakaty artystyczne.\u00a0 Trudno okre\u015bli\u0107, ile projekt\u00f3w wykona\u0142 Ludwik Cie\u015blik. Syn artysty m\u00f3wi o przesz\u0142o tysi\u0105cu plakatach. Je\u017celi we\u017amiemy pod uwag\u0119 t\u0119 informacj\u0119, to na wystawie i w niniejszym katalogu prezentujemy zatem oko\u0142o dziesi\u0119ciu procent tego dorobku.<\/p>\n","protected":false},"excerpt":{"rendered":"<h2>Katarzyna Winiarska<\/h2>\n<p>Publikacja jest katalogiem wystawy pod tym samym tytu\u0142em, prezentowanej w Muzeum Narodowym Ziemi Przemyskiej od 1 marca do 18 maja 2024 roku. Zawiera on 16 projekt\u00f3w oraz 89 druk\u00f3w plakat\u00f3w filmowych. Wszystkie one pochodz\u0105 z kolekcji syna Ludwika Cie\u015blika, Stanis\u0142awa.<\/p>\n","protected":false},"featured_media":1069,"comment_status":"open","ping_status":"closed","template":"","meta":[],"product_brand":[],"product_cat":[16],"product_tag":[63,89,90,97],"class_list":{"0":"post-1067","1":"product","2":"type-product","3":"status-publish","4":"has-post-thumbnail","6":"product_cat-ksiazki","7":"product_tag-katalog","8":"product_tag-katalogi-wystaw","9":"product_tag-malarstwo","10":"product_tag-plakat","12":"first","13":"instock","14":"shipping-taxable","15":"purchasable","16":"product-type-simple"},"_links":{"self":[{"href":"https:\/\/mnzp.pl\/ksiegarnia\/index.php\/wp-json\/wp\/v2\/product\/1067","targetHints":{"allow":["GET"]}}],"collection":[{"href":"https:\/\/mnzp.pl\/ksiegarnia\/index.php\/wp-json\/wp\/v2\/product"}],"about":[{"href":"https:\/\/mnzp.pl\/ksiegarnia\/index.php\/wp-json\/wp\/v2\/types\/product"}],"replies":[{"embeddable":true,"href":"https:\/\/mnzp.pl\/ksiegarnia\/index.php\/wp-json\/wp\/v2\/comments?post=1067"}],"wp:featuredmedia":[{"embeddable":true,"href":"https:\/\/mnzp.pl\/ksiegarnia\/index.php\/wp-json\/wp\/v2\/media\/1069"}],"wp:attachment":[{"href":"https:\/\/mnzp.pl\/ksiegarnia\/index.php\/wp-json\/wp\/v2\/media?parent=1067"}],"wp:term":[{"taxonomy":"product_brand","embeddable":true,"href":"https:\/\/mnzp.pl\/ksiegarnia\/index.php\/wp-json\/wp\/v2\/product_brand?post=1067"},{"taxonomy":"product_cat","embeddable":true,"href":"https:\/\/mnzp.pl\/ksiegarnia\/index.php\/wp-json\/wp\/v2\/product_cat?post=1067"},{"taxonomy":"product_tag","embeddable":true,"href":"https:\/\/mnzp.pl\/ksiegarnia\/index.php\/wp-json\/wp\/v2\/product_tag?post=1067"}],"curies":[{"name":"wp","href":"https:\/\/api.w.org\/{rel}","templated":true}]}}

Wik Plakat Filmowy Ludwika Cieślika

<p>Publikacja jest katalogiem wystawy pod tym samym tytułem, prezentowanej w Muzeum Narodowym Ziemi Przemyskiej od 1 marca do 18 maja 2024 roku. Zawiera on 16 projektów oraz 89 druków plakatów filmowych. Wszystkie one pochodzą z kolekcji syna Ludwika Cieślika, Stanisława. Zaprezentowano je w układzie chronologicznym. Pierwszą grupę stanowią projekty z lata 1955 &#8211; 1978, drugą gotowe wydruki plakatów z lat 1947 &#8211; 1975.</p>
<p>W pracy zaprezentowano również kalendarium życia Ludwika Cieślika gdzie zawarto nowe, nie znane wcześniej informacje z życia artysty, nie ujęte w pracy <em>Ludwik Cieślik (Heller) (1904 &#8211; 1990). Uśpione miasto &#8211; La ville endormie</em> z 2023 roku.</p>
<p><strong>Ludwik Cieślik (Heller)</strong> był urodzonym w 1904 roku w Przemyślu artystą plastykiem. Większą cześć swojego życia zawodowego spędził jednak w Belgii gdzie prowadził firmę projektującą reklamy i plakaty artystyczne.  Trudno określić, ile projektów wykonał Ludwik Cieślik. Syn artysty mówi o przeszło tysiącu plakatach. Jeżeli weźmiemy pod uwagę tę informację, to na wystawie i w niniejszym katalogu prezentujemy zatem około dziesięciu procent tego dorobku.</p>

<h2>Katarzyna Winiarska</h2>
<p>Publikacja jest katalogiem wystawy pod tym samym tytułem, prezentowanej w Muzeum Narodowym Ziemi Przemyskiej od 1 marca do 18 maja 2024 roku. Zawiera on 16 projektów oraz 89 druków plakatów filmowych. Wszystkie one pochodzą z kolekcji syna Ludwika Cieślika, Stanisława.</p>
